{"id":3023,"date":"2023-12-21T14:18:08","date_gmt":"2023-12-21T12:18:08","guid":{"rendered":"http:\/\/igualdad.cepymearagon.es\/?page_id=3023"},"modified":"2023-12-21T14:19:09","modified_gmt":"2023-12-21T12:19:09","slug":"ayudas","status":"publish","type":"page","link":"https:\/\/igualdad.cepymearagon.es\/?page_id=3023","title":{"rendered":"Ayudas"},"content":{"rendered":"\t\t<div data-elementor-type=\"wp-page\" data-elementor-id=\"3023\" class=\"elementor elementor-3023\" data-elementor-post-type=\"page\">\n\t\t\t\t\t\t<section class=\"elementor-section elementor-top-section elementor-element elementor-element-60d5d3c elementor-section-boxed elementor-section-height-default elementor-section-height-default\" data-id=\"60d5d3c\" data-element_type=\"section\" data-e-type=\"section\">\n\t\t\t\t\t\t<div class=\"elementor-container elementor-column-gap-default\">\n\t\t\t\t\t<div class=\"elementor-column elementor-col-100 elementor-top-column elementor-element elementor-element-98a5567\" data-id=\"98a5567\" data-element_type=\"column\" data-e-type=\"column\">\n\t\t\t<div class=\"elementor-widget-wrap elementor-element-populated\">\n\t\t\t\t\t\t<div class=\"elementor-element elementor-element-cd59f92 elementor-grid-3 elementor-grid-tablet-2 elementor-grid-mobile-1 elementor-posts--thumbnail-top load-more-align-center elementor-widget elementor-widget-posts\" data-id=\"cd59f92\" data-element_type=\"widget\" data-e-type=\"widget\" data-settings=\"{&quot;pagination_type&quot;:&quot;load_more_on_click&quot;,&quot;classic_columns&quot;:&quot;3&quot;,&quot;classic_columns_tablet&quot;:&quot;2&quot;,&quot;classic_columns_mobile&quot;:&quot;1&quot;,&quot;classic_row_gap&quot;:{&quot;unit&quot;:&quot;px&quot;,&quot;size&quot;:35,&quot;sizes&quot;:[]},&quot;classic_row_gap_tablet&quot;:{&quot;unit&quot;:&quot;px&quot;,&quot;size&quot;:&quot;&quot;,&quot;sizes&quot;:[]},&quot;classic_row_gap_mobile&quot;:{&quot;unit&quot;:&quot;px&quot;,&quot;size&quot;:&quot;&quot;,&quot;sizes&quot;:[]},&quot;load_more_spinner&quot;:{&quot;value&quot;:&quot;fas fa-spinner&quot;,&quot;library&quot;:&quot;fa-solid&quot;}}\" data-widget_type=\"posts.classic\">\n\t\t\t\t<div class=\"elementor-widget-container\">\n\t\t\t\t\t\t\t<div class=\"elementor-posts-container elementor-posts elementor-posts--skin-classic elementor-grid\" role=\"list\">\n\t\t\t\t<article class=\"elementor-post elementor-grid-item post-4070 post type-post status-publish format-standard has-post-thumbnail hentry category-ayudas category-igualdad category-noticia category-subvenciones tag-ayudas tag-igualdad tag-pyme tag-sensibilizacion tag-sensibilizacion-igualdad\" role=\"listitem\">\n\t\t\t\t<a class=\"elementor-post__thumbnail__link\" href=\"https:\/\/igualdad.cepymearagon.es\/?p=4070\" tabindex=\"-1\" >\n\t\t\t<div class=\"elementor-post__thumbnail\"><img fetchpriority=\"high\" decoding=\"async\" width=\"1280\" height=\"1280\" src=\"https:\/\/igualdad.cepymearagon.es\/wp-content\/uploads\/man-2660406_1280.jpg\" class=\"attachment-full size-full wp-image-4076\" alt=\"\" srcset=\"https:\/\/igualdad.cepymearagon.es\/wp-content\/uploads\/man-2660406_1280.jpg 1280w, https:\/\/igualdad.cepymearagon.es\/wp-content\/uploads\/man-2660406_1280-300x300.jpg 300w, https:\/\/igualdad.cepymearagon.es\/wp-content\/uploads\/man-2660406_1280-1024x1024.jpg 1024w, https:\/\/igualdad.cepymearagon.es\/wp-content\/uploads\/man-2660406_1280-150x150.jpg 150w, https:\/\/igualdad.cepymearagon.es\/wp-content\/uploads\/man-2660406_1280-768x768.jpg 768w, https:\/\/igualdad.cepymearagon.es\/wp-content\/uploads\/man-2660406_1280-100x100.jpg 100w, https:\/\/igualdad.cepymearagon.es\/wp-content\/uploads\/man-2660406_1280-90x90.jpg 90w, https:\/\/igualdad.cepymearagon.es\/wp-content\/uploads\/man-2660406_1280-500x500.jpg 500w\" sizes=\"(max-width: 1280px) 100vw, 1280px\" \/><\/div>\n\t\t<\/a>\n\t\t\t\t<div class=\"elementor-post__text\">\n\t\t\t\t<h3 class=\"elementor-post__title\">\n\t\t\t<a href=\"https:\/\/igualdad.cepymearagon.es\/?p=4070\" >\n\t\t\t\tSUBVENCIONES EN MATERIA DE IGUALDAD PARA PYMES ARAGONESAS PARA EL A\u00d1O 2025\t\t\t<\/a>\n\t\t<\/h3>\n\t\t\t\t<div class=\"elementor-post__meta-data\">\n\t\t\t\t\t<span class=\"elementor-post-date\">\n\t\t\t20 octubre, 2025\t\t<\/span>\n\t\t\t\t<\/div>\n\t\t\t\t<div class=\"elementor-post__excerpt\">\n\t\t\t<p>Publicada la ORDEN PEJ\/1332\/2025, de 30 de septiembre, por la que se aprueba la convocatoria para la concesi\u00f3n de subvenciones para fomentar el desarrollo de<\/p>\n\t\t<\/div>\n\t\t\t\t<\/div>\n\t\t\t\t<\/article>\n\t\t\t\t<article class=\"elementor-post elementor-grid-item post-3798 post type-post status-publish format-standard has-post-thumbnail hentry category-ayudas category-igualdad category-instituto-de-las-mujeres category-noticia category-subvenciones tag-ayudas tag-femp tag-igualdad\" role=\"listitem\">\n\t\t\t\t<a class=\"elementor-post__thumbnail__link\" href=\"https:\/\/igualdad.cepymearagon.es\/?p=3798\" tabindex=\"-1\" >\n\t\t\t<div class=\"elementor-post__thumbnail\"><img decoding=\"async\" width=\"566\" height=\"343\" src=\"https:\/\/igualdad.cepymearagon.es\/wp-content\/uploads\/Captura-3.jpg\" class=\"attachment-full size-full wp-image-3799\" alt=\"\" srcset=\"https:\/\/igualdad.cepymearagon.es\/wp-content\/uploads\/Captura-3.jpg 566w, https:\/\/igualdad.cepymearagon.es\/wp-content\/uploads\/Captura-3-300x182.jpg 300w, https:\/\/igualdad.cepymearagon.es\/wp-content\/uploads\/Captura-3-100x61.jpg 100w, https:\/\/igualdad.cepymearagon.es\/wp-content\/uploads\/Captura-3-165x100.jpg 165w\" sizes=\"(max-width: 566px) 100vw, 566px\" \/><\/div>\n\t\t<\/a>\n\t\t\t\t<div class=\"elementor-post__text\">\n\t\t\t\t<h3 class=\"elementor-post__title\">\n\t\t\t<a href=\"https:\/\/igualdad.cepymearagon.es\/?p=3798\" >\n\t\t\t\tPOL\u00cdTICAS DE IGUALDAD EN EL \u00c1MBITO LOCAL\t\t\t<\/a>\n\t\t<\/h3>\n\t\t\t\t<div class=\"elementor-post__meta-data\">\n\t\t\t\t\t<span class=\"elementor-post-date\">\n\t\t\t24 enero, 2025\t\t<\/span>\n\t\t\t\t<\/div>\n\t\t\t\t<div class=\"elementor-post__excerpt\">\n\t\t\t<p>La Federaci\u00f3n Espa\u00f1ola de Municipios y Provincias (FEMP) y el Instituto de las Mujeres, con el objetivo de promover pol\u00edticas de igualdad en el \u00e1mbito<\/p>\n\t\t<\/div>\n\t\t\t\t<\/div>\n\t\t\t\t<\/article>\n\t\t\t\t<article class=\"elementor-post elementor-grid-item post-3411 post type-post status-publish format-standard has-post-thumbnail hentry category-legislacion category-ayudas category-noticia category-subvenciones tag-igualdad-de-trato tag-no-discriminacion tag-orden-bsf-1135-2024 tag-subvenciones\" role=\"listitem\">\n\t\t\t\t<a class=\"elementor-post__thumbnail__link\" href=\"https:\/\/igualdad.cepymearagon.es\/?p=3411\" tabindex=\"-1\" >\n\t\t\t<div class=\"elementor-post__thumbnail\"><img decoding=\"async\" width=\"519\" height=\"304\" src=\"https:\/\/igualdad.cepymearagon.es\/wp-content\/uploads\/subvenciones-igualdad-trato.jpg\" class=\"attachment-full size-full wp-image-3416\" alt=\"\" srcset=\"https:\/\/igualdad.cepymearagon.es\/wp-content\/uploads\/subvenciones-igualdad-trato.jpg 519w, https:\/\/igualdad.cepymearagon.es\/wp-content\/uploads\/subvenciones-igualdad-trato-300x176.jpg 300w, https:\/\/igualdad.cepymearagon.es\/wp-content\/uploads\/subvenciones-igualdad-trato-100x59.jpg 100w, https:\/\/igualdad.cepymearagon.es\/wp-content\/uploads\/subvenciones-igualdad-trato-171x100.jpg 171w\" sizes=\"(max-width: 519px) 100vw, 519px\" \/><\/div>\n\t\t<\/a>\n\t\t\t\t<div class=\"elementor-post__text\">\n\t\t\t\t<h3 class=\"elementor-post__title\">\n\t\t\t<a href=\"https:\/\/igualdad.cepymearagon.es\/?p=3411\" >\n\t\t\t\tSUBVENCIONES EN EL \u00c1MBITO DE LA IGUALDAD DE TRATO Y NO DISCRIMINACI\u00d3N PARA EL FOMENTO DE LA DIVERSIDAD EN EL ENTORNO SOCIAL Y EMPRESARIAL\t\t\t<\/a>\n\t\t<\/h3>\n\t\t\t\t<div class=\"elementor-post__meta-data\">\n\t\t\t\t\t<span class=\"elementor-post-date\">\n\t\t\t14 octubre, 2024\t\t<\/span>\n\t\t\t\t<\/div>\n\t\t\t\t<div class=\"elementor-post__excerpt\">\n\t\t\t<p>Se ha publicado la convocatoria de subvenciones dirigidas a entidades sociales sin \u00e1nimo de lucro para la realizaci\u00f3n de proyectos de promoci\u00f3n de la igualdad<\/p>\n\t\t<\/div>\n\t\t\t\t<\/div>\n\t\t\t\t<\/article>\n\t\t\t\t<article class=\"elementor-post elementor-grid-item post-3289 post type-post status-publish format-standard has-post-thumbnail hentry category-ayudas category-igualdad category-noticia category-subvenciones tag-corresponsabilidad tag-ambito-rural tag-comarcas-aragonesas tag-conciliacion tag-familia\" role=\"listitem\">\n\t\t\t\t<a class=\"elementor-post__thumbnail__link\" href=\"https:\/\/igualdad.cepymearagon.es\/?p=3289\" tabindex=\"-1\" >\n\t\t\t<div class=\"elementor-post__thumbnail\"><img loading=\"lazy\" decoding=\"async\" width=\"1414\" height=\"905\" src=\"https:\/\/igualdad.cepymearagon.es\/wp-content\/uploads\/subvenciones-medio-rural.png\" class=\"attachment-full size-full wp-image-3292\" alt=\"\" srcset=\"https:\/\/igualdad.cepymearagon.es\/wp-content\/uploads\/subvenciones-medio-rural.png 1414w, https:\/\/igualdad.cepymearagon.es\/wp-content\/uploads\/subvenciones-medio-rural-300x192.png 300w, https:\/\/igualdad.cepymearagon.es\/wp-content\/uploads\/subvenciones-medio-rural-1024x655.png 1024w, https:\/\/igualdad.cepymearagon.es\/wp-content\/uploads\/subvenciones-medio-rural-768x492.png 768w, https:\/\/igualdad.cepymearagon.es\/wp-content\/uploads\/subvenciones-medio-rural-100x64.png 100w, https:\/\/igualdad.cepymearagon.es\/wp-content\/uploads\/subvenciones-medio-rural-156x100.png 156w\" sizes=\"(max-width: 1414px) 100vw, 1414px\" \/><\/div>\n\t\t<\/a>\n\t\t\t\t<div class=\"elementor-post__text\">\n\t\t\t\t<h3 class=\"elementor-post__title\">\n\t\t\t<a href=\"https:\/\/igualdad.cepymearagon.es\/?p=3289\" >\n\t\t\t\tSUBVENCIONES PARA LA REALIZACI\u00d3N DE PROYECTOS EN MATERIA DE CONCILIACI\u00d3N EN EL \u00c1MBITO RURAL\t\t\t<\/a>\n\t\t<\/h3>\n\t\t\t\t<div class=\"elementor-post__meta-data\">\n\t\t\t\t\t<span class=\"elementor-post-date\">\n\t\t\t10 julio, 2024\t\t<\/span>\n\t\t\t\t<\/div>\n\t\t\t\t<div class=\"elementor-post__excerpt\">\n\t\t\t<p>El Departamento de Bienestar Social y Familia del Gobierno de Arag\u00f3n, a trav\u00e9s de la Direcci\u00f3n General de Familia, Infancia y Natalidad ha publicado la<\/p>\n\t\t<\/div>\n\t\t\t\t<\/div>\n\t\t\t\t<\/article>\n\t\t\t\t<article class=\"elementor-post elementor-grid-item post-3242 post type-post status-publish format-standard has-post-thumbnail hentry category-ayudas category-igualdad category-noticia category-subvenciones tag-ayudas tag-igualdad tag-pyme tag-sensibilizacion-igualdad\" role=\"listitem\">\n\t\t\t\t<a class=\"elementor-post__thumbnail__link\" href=\"https:\/\/igualdad.cepymearagon.es\/?p=3242\" tabindex=\"-1\" >\n\t\t\t<div class=\"elementor-post__thumbnail\"><img loading=\"lazy\" decoding=\"async\" width=\"448\" height=\"296\" src=\"https:\/\/igualdad.cepymearagon.es\/wp-content\/uploads\/ayudas-igualdad.jpg\" class=\"attachment-full size-full wp-image-3243\" alt=\"\" srcset=\"https:\/\/igualdad.cepymearagon.es\/wp-content\/uploads\/ayudas-igualdad.jpg 448w, https:\/\/igualdad.cepymearagon.es\/wp-content\/uploads\/ayudas-igualdad-300x198.jpg 300w, https:\/\/igualdad.cepymearagon.es\/wp-content\/uploads\/ayudas-igualdad-100x66.jpg 100w, https:\/\/igualdad.cepymearagon.es\/wp-content\/uploads\/ayudas-igualdad-151x100.jpg 151w\" sizes=\"(max-width: 448px) 100vw, 448px\" \/><\/div>\n\t\t<\/a>\n\t\t\t\t<div class=\"elementor-post__text\">\n\t\t\t\t<h3 class=\"elementor-post__title\">\n\t\t\t<a href=\"https:\/\/igualdad.cepymearagon.es\/?p=3242\" >\n\t\t\t\tSUBVENCIONES EN MATERIA DE IGUALDAD PARA PYMES\t\t\t<\/a>\n\t\t<\/h3>\n\t\t\t\t<div class=\"elementor-post__meta-data\">\n\t\t\t\t\t<span class=\"elementor-post-date\">\n\t\t\t15 mayo, 2024\t\t<\/span>\n\t\t\t\t<\/div>\n\t\t\t\t<div class=\"elementor-post__excerpt\">\n\t\t\t<p>&nbsp; Convocadas subvenciones para fomentar el desarrollo de actividades de informaci\u00f3n, divulgaci\u00f3n y sensibilizaci\u00f3n en materia de igualdad en las peque\u00f1as y medianas empresas (Pymes)<\/p>\n\t\t<\/div>\n\t\t\t\t<\/div>\n\t\t\t\t<\/article>\n\t\t\t\t<article class=\"elementor-post elementor-grid-item post-3217 post type-post status-publish format-standard has-post-thumbnail hentry category-ayudas category-igualdad category-noticia category-subvenciones tag-ayudas tag-gobierno-de-aragon tag-iam tag-igualdad\" role=\"listitem\">\n\t\t\t\t<a class=\"elementor-post__thumbnail__link\" href=\"https:\/\/igualdad.cepymearagon.es\/?p=3217\" tabindex=\"-1\" >\n\t\t\t<div class=\"elementor-post__thumbnail\"><img loading=\"lazy\" decoding=\"async\" width=\"847\" height=\"603\" src=\"https:\/\/igualdad.cepymearagon.es\/wp-content\/uploads\/AYUDAS-MUJERES.jpg\" class=\"attachment-full size-full wp-image-3219\" alt=\"\" srcset=\"https:\/\/igualdad.cepymearagon.es\/wp-content\/uploads\/AYUDAS-MUJERES.jpg 847w, https:\/\/igualdad.cepymearagon.es\/wp-content\/uploads\/AYUDAS-MUJERES-300x214.jpg 300w, https:\/\/igualdad.cepymearagon.es\/wp-content\/uploads\/AYUDAS-MUJERES-768x547.jpg 768w, https:\/\/igualdad.cepymearagon.es\/wp-content\/uploads\/AYUDAS-MUJERES-100x71.jpg 100w, https:\/\/igualdad.cepymearagon.es\/wp-content\/uploads\/AYUDAS-MUJERES-140x100.jpg 140w\" sizes=\"(max-width: 847px) 100vw, 847px\" \/><\/div>\n\t\t<\/a>\n\t\t\t\t<div class=\"elementor-post__text\">\n\t\t\t\t<h3 class=\"elementor-post__title\">\n\t\t\t<a href=\"https:\/\/igualdad.cepymearagon.es\/?p=3217\" >\n\t\t\t\tCONVOCATORIA DE AYUDAS A ENTIDADES FORMADAS POR MUJERES 2024\t\t\t<\/a>\n\t\t<\/h3>\n\t\t\t\t<div class=\"elementor-post__meta-data\">\n\t\t\t\t\t<span class=\"elementor-post-date\">\n\t\t\t8 mayo, 2024\t\t<\/span>\n\t\t\t\t<\/div>\n\t\t\t\t<div class=\"elementor-post__excerpt\">\n\t\t\t<p>El Departamento de Presidencia, Interior y Cultura del Gobierno de Arag\u00f3n ha publicado la ORDEN PIC\/384\/2024, de 12 de abril, por la que se convocan<\/p>\n\t\t<\/div>\n\t\t\t\t<\/div>\n\t\t\t\t<\/article>\n\t\t\t\t<\/div>\n\t\t\t\t\t<span class=\"e-load-more-spinner\">\n\t\t\t\t<i aria-hidden=\"true\" class=\"fas fa-spinner\"><\/i>\t\t\t<\/span>\n\t\t\n\t\t\t\t<div class=\"e-load-more-anchor\" data-page=\"1\" data-max-page=\"6\" data-next-page=\"https:\/\/igualdad.cepymearagon.es\/index.php?rest_route=%2Fwp%2Fv2%2Fpages%2F3023&#038;paged=2\"><\/div>\n\t\t\t\t<div class=\"elementor-button-wrapper\">\n\t\t\t<a class=\"elementor-button elementor-size-sm\" role=\"button\">\n\t\t\t\t\t\t<span class=\"elementor-button-content-wrapper\">\n\t\t\t\t\t\t\t\t\t<span class=\"elementor-button-text\">Cargar m\u00e1s<\/span>\n\t\t\t\t\t<\/span>\n\t\t\t\t\t<\/a>\n\t\t<\/div>\n\t\t\t\t<div class=\"e-load-more-message\"><\/div>\n\t\t\t\t\t\t<\/div>\n\t\t\t\t<\/div>\n\t\t\t\t\t<\/div>\n\t\t<\/div>\n\t\t\t\t\t<\/div>\n\t\t<\/section>\n\t\t\t\t<\/div>\n\t\t","protected":false},"excerpt":{"rendered":"","protected":false},"author":1,"featured_media":20,"parent":0,"menu_order":0,"comment_status":"closed","ping_status":"closed","template":"","meta":{"footnotes":""},"class_list":["post-3023","page","type-page","status-publish","has-post-thumbnail","hentry"],"jetpack_sharing_enabled":true,"jetpack_shortlink":"https:\/\/wp.me\/P7ISwz-ML","post_mailing_queue_ids":[],"_links":{"self":[{"href":"https:\/\/igualdad.cepymearagon.es\/index.php?rest_route=\/wp\/v2\/pages\/3023","targetHints":{"allow":["GET"]}}],"collection":[{"href":"https:\/\/igualdad.cepymearagon.es\/index.php?rest_route=\/wp\/v2\/pages"}],"about":[{"href":"https:\/\/igualdad.cepymearagon.es\/index.php?rest_route=\/wp\/v2\/types\/page"}],"author":[{"embeddable":true,"href":"https:\/\/igualdad.cepymearagon.es\/index.php?rest_route=\/wp\/v2\/users\/1"}],"replies":[{"embeddable":true,"href":"https:\/\/igualdad.cepymearagon.es\/index.php?rest_route=%2Fwp%2Fv2%2Fcomments&post=3023"}],"version-history":[{"count":4,"href":"https:\/\/igualdad.cepymearagon.es\/index.php?rest_route=\/wp\/v2\/pages\/3023\/revisions"}],"predecessor-version":[{"id":3028,"href":"https:\/\/igualdad.cepymearagon.es\/index.php?rest_route=\/wp\/v2\/pages\/3023\/revisions\/3028"}],"wp:featuredmedia":[{"embeddable":true,"href":"https:\/\/igualdad.cepymearagon.es\/index.php?rest_route=\/wp\/v2\/media\/20"}],"wp:attachment":[{"href":"https:\/\/igualdad.cepymearagon.es\/index.php?rest_route=%2Fwp%2Fv2%2Fmedia&parent=3023"}],"curies":[{"name":"wp","href":"https:\/\/api.w.org\/{rel}","templated":true}]}}